{"id":172,"date":"2025-09-18T03:00:33","date_gmt":"2025-09-18T03:00:33","guid":{"rendered":"https:\/\/xecauquangninh.vn\/?page_id=172"},"modified":"2025-09-18T03:18:12","modified_gmt":"2025-09-18T03:18:12","slug":"cho-thue-xe-cau-mao-khe","status":"publish","type":"page","link":"https:\/\/xecauquangninh.vn\/index.php\/cho-thue-xe-cau-mao-khe\/","title":{"rendered":"Cho thu\u00ea xe c\u1ea9u M\u1ea1o Kh\u00ea"},"content":{"rendered":"\n  <div class=\"banner has-hover is-full-height\" id=\"banner-2145372753\">\n          <div class=\"banner-inner fill\">\n        <div class=\"banner-bg fill\" >\n                                                \n                    <\/div>\n\t\t\n        <div class=\"banner-layers container\">\n            <div class=\"fill banner-link\"><\/div>            \n   <div id=\"text-box-448909826\" class=\"text-box banner-layer x50 md-x50 lg-x50 y50 md-y50 lg-y50 res-text\">\n                     <div data-animate=\"fadeInUp\">           <div class=\"text-box-content text \">\n              \n              <div class=\"text-inner text-center\">\n                  \n<h4><span style=\"font-size: 170%;\"><strong>CHO THU\u00ca XE C\u1ea8U M\u1ea0O KH\u00ca<\/strong><\/span><\/h4>\n<p data-start=\"55\" data-end=\"211\">Anh em \u1edf \u0110\u00f4ng Tri\u1ec1u, M\u1ea1o Kh\u00ea, B\u00ecnh Kh\u00ea, Ho\u00e0ng Qu\u1ebf, An Sinh\u2026 c\u1ea7n c\u1ea9u h\u00e0ng n\u1eb7ng, l\u1eafp d\u1ef1ng c\u00f4ng tr\u00ecnh, chuy\u1ec3n m\u00e1y m\u00f3c, b\u1ed1c x\u1ebfp container c\u1ee9 alo <strong data-start=\"173\" data-end=\"192\">Minh Ph\u00fac Group<\/strong>\u00a0l\u00e0 c\u00f3 ngay\u00a0\ud83d\ude9a\ud83d\udca8.<\/p>\n<p data-start=\"213\" data-end=\"430\">\u2705\u00a0\u0110\u1ed9i xe c\u1ea9u t\u1eeb 2.5 t\u1ea5n \u0111\u1ebfn 50 t\u1ea5n \u2013 s\u1eb5n s\u00e0ng chi\u1ebfn m\u1ecdi \u0111\u1ecba h\u00ecnh.<br data-start=\"278\" data-end=\"281\" \/>\u2705\u00a0L\u00e1i c\u1ea9u nhi\u1ec1u n\u0103m kinh nghi\u1ec7m, thao t\u00e1c g\u1ecdn \u2013 chu\u1ea9n \u2013 an to\u00e0n tuy\u1ec7t \u0111\u1ed1i.<br data-start=\"355\" data-end=\"358\" \/>\u2705\u00a0Gi\u00e1 c\u1ea3 h\u1ee3p l\u00fd, h\u1ed7 tr\u1ee3 24\/7, c\u00f3 m\u1eb7t nhanh ch\u00f3ng ch\u1ec9 sau m\u1ed9t cu\u1ed9c g\u1ecdi.<\/p>\n<p data-start=\"432\" data-end=\"564\">\ud83d\udcde\u00a0\u201cG\u1ecdi l\u00e0 c\u00f3 \u2013 nh\u1ea5c l\u00e0 n\u00e2ng \u2013 nhanh g\u1ecdn l\u1eb9 nh\u01b0 ch\u00e9m gi\u00f3\u201d!<br data-start=\"490\" data-end=\"493\" \/>\ud83d\udc49\u00a0<strong data-start=\"496\" data-end=\"562\">Minh Ph\u00fac Group \u2013 l\u1ef1a ch\u1ecdn s\u1ed1 1 khi c\u1ea7n xe c\u1ea9u t\u1ea1i Qu\u1ea3ng Ninh!<\/strong><\/p>\n<div class=\"is-divider divider clearfix\" ><\/div>\n<div class=\"row\"  id=\"row-18735139\">\n\n\t<div id=\"col-266671079\" class=\"col medium-3 small-6 large-3\"  >\n\t\t\t\t<div class=\"col-inner\"  >\n\t\t\t\n\t\t\t\n\t<div class=\"img has-hover x md-x lg-x y md-y lg-y\" id=\"image_634540092\">\n\t\t\t\t\t\t\t\t<div class=\"img-inner dark\" >\n\t\t\t<img loading=\"lazy\" decoding=\"async\" width=\"578\" height=\"1024\" src=\"https:\/\/xecauquangninh.vn\/wp-content\/uploads\/2025\/09\/d66a9cca3698bcc6e589-578x1024.jpg\" class=\"attachment-large size-large\" alt=\"\" srcset=\"https:\/\/xecauquangninh.vn\/wp-content\/uploads\/2025\/09\/d66a9cca3698bcc6e589-578x1024.jpg 578w, https:\/\/xecauquangninh.vn\/wp-content\/uploads\/2025\/09\/d66a9cca3698bcc6e589-169x300.jpg 169w, https:\/\/xecauquangninh.vn\/wp-content\/uploads\/2025\/09\/d66a9cca3698bcc6e589-768x1362.jpg 768w, https:\/\/xecauquangninh.vn\/wp-content\/uploads\/2025\/09\/d66a9cca3698bcc6e589-866x1536.jpg 866w, https:\/\/xecauquangninh.vn\/wp-content\/uploads\/2025\/09\/d66a9cca3698bcc6e589-1155x2048.jpg 1155w, https:\/\/xecauquangninh.vn\/wp-content\/uploads\/2025\/09\/d66a9cca3698bcc6e589.jpg 1444w\" sizes=\"auto, (max-width: 578px) 100vw, 578px\" \/>\t\t\t\t\t\t\n\t\t\t\t\t<\/div>\n\t\t\t\t\t\t\t\t\n<style>\n#image_634540092 {\n  width: 75%;\n}\n<\/style>\n\t<\/div>\n\t\n\t\t<\/div>\n\t\t\t\t\t<\/div>\n\n\t\n\n\t<div id=\"col-328793063\" class=\"col medium-3 small-6 large-3\"  >\n\t\t\t\t<div class=\"col-inner\"  >\n\t\t\t\n\t\t\t\n\t<div class=\"img has-hover x md-x lg-x y md-y lg-y\" id=\"image_62640814\">\n\t\t\t\t\t\t\t\t<div class=\"img-inner dark\" >\n\t\t\t<img loading=\"lazy\" decoding=\"async\" width=\"768\" height=\"1024\" src=\"https:\/\/xecauquangninh.vn\/wp-content\/uploads\/2025\/09\/451b04bbaee924b77df8-768x1024.jpg\" class=\"attachment-large size-large\" alt=\"\" srcset=\"https:\/\/xecauquangninh.vn\/wp-content\/uploads\/2025\/09\/451b04bbaee924b77df8-768x1024.jpg 768w, https:\/\/xecauquangninh.vn\/wp-content\/uploads\/2025\/09\/451b04bbaee924b77df8-225x300.jpg 225w, https:\/\/xecauquangninh.vn\/wp-content\/uploads\/2025\/09\/451b04bbaee924b77df8-1152x1536.jpg 1152w, https:\/\/xecauquangninh.vn\/wp-content\/uploads\/2025\/09\/451b04bbaee924b77df8-1536x2048.jpg 1536w, https:\/\/xecauquangninh.vn\/wp-content\/uploads\/2025\/09\/451b04bbaee924b77df8.jpg 1920w\" sizes=\"auto, (max-width: 768px) 100vw, 768px\" \/>\t\t\t\t\t\t\n\t\t\t\t\t<\/div>\n\t\t\t\t\t\t\t\t\n<style>\n#image_62640814 {\n  width: 100%;\n}\n<\/style>\n\t<\/div>\n\t\n\t\t<\/div>\n\t\t\t\t\t<\/div>\n\n\t\n\n\t<div id=\"col-165207920\" class=\"col medium-3 small-6 large-3\"  >\n\t\t\t\t<div class=\"col-inner\"  >\n\t\t\t\n\t\t\t\n\t<div class=\"img has-hover x md-x lg-x y md-y lg-y\" id=\"image_547543637\">\n\t\t\t\t\t\t\t\t<div class=\"img-inner dark\" >\n\t\t\t<img loading=\"lazy\" decoding=\"async\" width=\"578\" height=\"1024\" src=\"https:\/\/xecauquangninh.vn\/wp-content\/uploads\/2025\/09\/d66a9cca3698bcc6e589-1-578x1024.jpg\" class=\"attachment-large size-large\" alt=\"\" srcset=\"https:\/\/xecauquangninh.vn\/wp-content\/uploads\/2025\/09\/d66a9cca3698bcc6e589-1-578x1024.jpg 578w, https:\/\/xecauquangninh.vn\/wp-content\/uploads\/2025\/09\/d66a9cca3698bcc6e589-1-169x300.jpg 169w, https:\/\/xecauquangninh.vn\/wp-content\/uploads\/2025\/09\/d66a9cca3698bcc6e589-1-768x1362.jpg 768w, https:\/\/xecauquangninh.vn\/wp-content\/uploads\/2025\/09\/d66a9cca3698bcc6e589-1-866x1536.jpg 866w, https:\/\/xecauquangninh.vn\/wp-content\/uploads\/2025\/09\/d66a9cca3698bcc6e589-1-1155x2048.jpg 1155w, https:\/\/xecauquangninh.vn\/wp-content\/uploads\/2025\/09\/d66a9cca3698bcc6e589-1.jpg 1444w\" sizes=\"auto, (max-width: 578px) 100vw, 578px\" \/>\t\t\t\t\t\t\n\t\t\t\t\t<\/div>\n\t\t\t\t\t\t\t\t\n<style>\n#image_547543637 {\n  width: 76%;\n}\n<\/style>\n\t<\/div>\n\t\n\t\t<\/div>\n\t\t\t\t\t<\/div>\n\n\t\n\n\t<div id=\"col-1038656207\" class=\"col medium-3 small-6 large-3\"  >\n\t\t\t\t<div class=\"col-inner\"  >\n\t\t\t\n\t\t\t\n\t<div class=\"img has-hover x md-x lg-x y md-y lg-y\" id=\"image_765231101\">\n\t\t\t\t\t\t\t\t<div class=\"img-inner dark\" >\n\t\t\t<img loading=\"lazy\" decoding=\"async\" width=\"768\" height=\"1024\" src=\"https:\/\/xecauquangninh.vn\/wp-content\/uploads\/2025\/09\/3a897c29d67b5c25056a-768x1024.jpg\" class=\"attachment-large size-large\" alt=\"\" srcset=\"https:\/\/xecauquangninh.vn\/wp-content\/uploads\/2025\/09\/3a897c29d67b5c25056a-768x1024.jpg 768w, https:\/\/xecauquangninh.vn\/wp-content\/uploads\/2025\/09\/3a897c29d67b5c25056a-225x300.jpg 225w, https:\/\/xecauquangninh.vn\/wp-content\/uploads\/2025\/09\/3a897c29d67b5c25056a-1152x1536.jpg 1152w, https:\/\/xecauquangninh.vn\/wp-content\/uploads\/2025\/09\/3a897c29d67b5c25056a-1536x2048.jpg 1536w, https:\/\/xecauquangninh.vn\/wp-content\/uploads\/2025\/09\/3a897c29d67b5c25056a.jpg 1920w\" sizes=\"auto, (max-width: 768px) 100vw, 768px\" \/>\t\t\t\t\t\t\n\t\t\t\t\t<\/div>\n\t\t\t\t\t\t\t\t\n<style>\n#image_765231101 {\n  width: 100%;\n}\n<\/style>\n\t<\/div>\n\t\n\t\t<\/div>\n\t\t\t\t\t<\/div>\n\n\t\n<\/div>\n              <\/div>\n           <\/div>\n       <\/div>                     \n<style>\n#text-box-448909826 {\n  width: 85%;\n}\n#text-box-448909826 .text-box-content {\n  font-size: 100%;\n}\n@media (min-width:550px) {\n  #text-box-448909826 {\n    width: 61%;\n  }\n}\n<\/style>\n    <\/div>\n \n        <\/div>\n      <\/div>\n\n            \n<style>\n#banner-2145372753 {\n  padding-top: 100%;\n  background-color: #FFF;\n}\n<\/style>\n  <\/div>\n\n\n\n\t<section class=\"section\" id=\"section_1601041280\">\n\t\t<div class=\"section-bg fill\" >\n\t\t\t\t\t\t\t\t\t\n\t\t\t\n\t<div class=\"is-border\"\n\t\tstyle=\"border-color:rgb(235, 235, 235);border-width:1px 0px 0px 0px;\">\n\t<\/div>\n\n\t\t<\/div>\n\n\t\t\n\n\t\t<div class=\"section-content relative\">\n\t\t\t\n<div class=\"row\"  id=\"row-1584323303\">\n\n\t<div id=\"col-1439662472\" class=\"col medium-4 small-12 large-4\"  >\n\t\t\t\t<div class=\"col-inner\"  >\n\t\t\t\n\t\t\t\n\n\t\t<div class=\"icon-box featured-box icon-box-top text-left\"  style=\"margin:px px px px;\">\n\t\t\t\t<div class=\"icon-box-text last-reset\">\n\t\t\t\t\t\t\t\t\t\n<h3>Explore Things<\/h3>\n<p>Lorem ipsum dolor sit amet, consectetuer adipiscing elit, sed diam nonummy nibh euismod tincidunt ut laoreet dolore magna aliquam erat volutpat&#8230;.<\/p>\n\t\t<\/div>\n\t<\/div>\n\t\n\t\n\t\t<\/div>\n\t\t\t\t\t<\/div>\n\n\t\n\n\t<div id=\"col-161325233\" class=\"col medium-4 small-12 large-4\"  >\n\t\t\t\t<div class=\"col-inner\"  >\n\t\t\t\n\t\t\t\n<h3>Book Events<\/h3>\n<p>Lorem ipsum dolor sit amet, consectetuer adipiscing elit, sed diam nonummy nibh euismod tincidunt ut laoreet dolore magna aliquam erat volutpat&#8230;.<\/p>\n\t\t<\/div>\n\t\t\t\t\t<\/div>\n\n\t\n\n\t<div id=\"col-2010194441\" class=\"col medium-4 small-12 large-4\"  >\n\t\t\t\t<div class=\"col-inner\"  >\n\t\t\t\n\t\t\t\n<h3>Find a hotel<\/h3>\n<p>Lorem ipsum dolor sit amet, consectetuer adipiscing elit, sed diam nonummy nibh euismod tincidunt ut laoreet dolore magna aliquam erat volutpat&#8230;.<\/p>\n\t\t<\/div>\n\t\t\t\t\t<\/div>\n\n\t\n<\/div>\n\t\t<\/div>\n\n\t\t\n<style>\n#section_1601041280 {\n  padding-top: 27px;\n  padding-bottom: 27px;\n  background-color: rgb(245, 245, 245);\n}\n<\/style>\n\t<\/section>\n\t\n\t<div id=\"gap-254065754\" class=\"gap-element clearfix\" style=\"display:block; height:auto;\">\n\t\t\n<style>\n#gap-254065754 {\n  padding-top: 30px;\n}\n<\/style>\n\t<\/div>\n\t\n<div class=\"container section-title-container\" style=\"margin-top:25px;\"><h3 class=\"section-title section-title-center\"><b><\/b><span class=\"section-title-main\" style=\"font-size:undefined%;\">Latest From Blog<\/span><b><\/b><\/h3><\/div>\n\n  \n    <div class=\"row large-columns-4 medium-columns-3 small-columns-1 slider row-slider slider-nav-reveal\"  data-flickity-options='{&quot;imagesLoaded&quot;: true, &quot;groupCells&quot;: &quot;100%&quot;, &quot;dragThreshold&quot; : 5, &quot;cellAlign&quot;: &quot;left&quot;,&quot;wrapAround&quot;: true,&quot;prevNextButtons&quot;: true,&quot;percentPosition&quot;: true,&quot;pageDots&quot;: false, &quot;rightToLeft&quot;: false, &quot;autoPlay&quot; : false}' >\n\n  <div class=\"col post-item\" >\n\t\t\t<div class=\"col-inner\">\n\t\t\t\t<div class=\"box box-overlay dark box-text-bottom box-blog-post has-hover\">\n            \t\t\t\t\t<div class=\"box-image\" >\n  \t\t\t\t\t\t<div class=\"image-zoom image-cover\" style=\"padding-top:293px;\">\n\t\t\t\t\t\t\t<a href=\"https:\/\/xecauquangninh.vn\/index.php\/2025\/09\/05\/dich-vu-van-chuyen-hang-sieu-trong\/\" class=\"plain\" aria-label=\"D\u1ecbch v\u1ee5 v\u1eadn chuy\u1ec3n h\u00e0ng si\u00eau tr\u1ecdng\">\n\t\t\t\t\t\t\t\t<img loading=\"lazy\" decoding=\"async\" width=\"300\" height=\"225\" src=\"https:\/\/xecauquangninh.vn\/wp-content\/uploads\/2025\/09\/z6965599611797_217c66c20363fb4c0c05af59c7400df3-300x225.jpg\" class=\"attachment-medium size-medium wp-post-image\" alt=\"\" srcset=\"https:\/\/xecauquangninh.vn\/wp-content\/uploads\/2025\/09\/z6965599611797_217c66c20363fb4c0c05af59c7400df3-300x225.jpg 300w, https:\/\/xecauquangninh.vn\/wp-content\/uploads\/2025\/09\/z6965599611797_217c66c20363fb4c0c05af59c7400df3-1024x767.jpg 1024w, https:\/\/xecauquangninh.vn\/wp-content\/uploads\/2025\/09\/z6965599611797_217c66c20363fb4c0c05af59c7400df3-768x575.jpg 768w, https:\/\/xecauquangninh.vn\/wp-content\/uploads\/2025\/09\/z6965599611797_217c66c20363fb4c0c05af59c7400df3.jpg 1276w\" sizes=\"auto, (max-width: 300px) 100vw, 300px\" \/>\t\t\t\t\t\t\t<\/a>\n  \t\t\t\t\t\t\t<div class=\"overlay\" style=\"background-color: rgba(0,0,0,.25)\"><\/div>  \t\t\t\t\t\t\t  \t\t\t\t\t\t<\/div>\n  \t\t\t\t\t\t  \t\t\t\t\t<\/div>\n          \t\t\t\t\t<div class=\"box-text text-left\" >\n\t\t\t\t\t<div class=\"box-text-inner blog-post-inner\">\n\n\t\t\t\t\t\n\t\t\t\t\t\t\t\t\t\t<h5 class=\"post-title is-large \">\n\t\t\t\t\t\t<a href=\"https:\/\/xecauquangninh.vn\/index.php\/2025\/09\/05\/dich-vu-van-chuyen-hang-sieu-trong\/\" class=\"plain\">D\u1ecbch v\u1ee5 v\u1eadn chuy\u1ec3n h\u00e0ng si\u00eau tr\u1ecdng<\/a>\n\t\t\t\t\t<\/h5>\n\t\t\t\t\t<div class=\"post-meta is-small op-8\">5 Th\u00e1ng 9, 2025<\/div>\t\t\t\t\t<div class=\"is-divider\"><\/div>\n\t\t\t\t\t                    \n\t\t\t\t\t\n\t\t\t\t\t\n\t\t\t\t\t<\/div>\n\t\t\t\t\t<\/div>\n\t\t\t\t\t\t\t\t\t<\/div>\n\t\t\t<\/div>\n\t\t<\/div><div class=\"col post-item\" >\n\t\t\t<div class=\"col-inner\">\n\t\t\t\t<div class=\"box box-overlay dark box-text-bottom box-blog-post has-hover\">\n            \t\t\t\t\t<div class=\"box-image\" >\n  \t\t\t\t\t\t<div class=\"image-zoom image-cover\" style=\"padding-top:293px;\">\n\t\t\t\t\t\t\t<a href=\"https:\/\/xecauquangninh.vn\/index.php\/2025\/09\/05\/dich-vu-cho-thue-xe-cau-tai-quang-ninh\/\" class=\"plain\" aria-label=\"D\u1ecbch v\u1ee5 cho thu\u00ea xe c\u1ea9u t\u1ea1i Qu\u1ea3ng Ninh\">\n\t\t\t\t\t\t\t\t<img loading=\"lazy\" decoding=\"async\" width=\"300\" height=\"225\" src=\"https:\/\/xecauquangninh.vn\/wp-content\/uploads\/2025\/09\/z6965598105935_2b7282b764a89248b55dcdbf557f9452-300x225.jpg\" class=\"attachment-medium size-medium wp-post-image\" alt=\"\" srcset=\"https:\/\/xecauquangninh.vn\/wp-content\/uploads\/2025\/09\/z6965598105935_2b7282b764a89248b55dcdbf557f9452-300x225.jpg 300w, https:\/\/xecauquangninh.vn\/wp-content\/uploads\/2025\/09\/z6965598105935_2b7282b764a89248b55dcdbf557f9452-1024x768.jpg 1024w, https:\/\/xecauquangninh.vn\/wp-content\/uploads\/2025\/09\/z6965598105935_2b7282b764a89248b55dcdbf557f9452-768x576.jpg 768w, https:\/\/xecauquangninh.vn\/wp-content\/uploads\/2025\/09\/z6965598105935_2b7282b764a89248b55dcdbf557f9452.jpg 1280w\" sizes=\"auto, (max-width: 300px) 100vw, 300px\" \/>\t\t\t\t\t\t\t<\/a>\n  \t\t\t\t\t\t\t<div class=\"overlay\" style=\"background-color: rgba(0,0,0,.25)\"><\/div>  \t\t\t\t\t\t\t  \t\t\t\t\t\t<\/div>\n  \t\t\t\t\t\t  \t\t\t\t\t<\/div>\n          \t\t\t\t\t<div class=\"box-text text-left\" >\n\t\t\t\t\t<div class=\"box-text-inner blog-post-inner\">\n\n\t\t\t\t\t\n\t\t\t\t\t\t\t\t\t\t<h5 class=\"post-title is-large \">\n\t\t\t\t\t\t<a href=\"https:\/\/xecauquangninh.vn\/index.php\/2025\/09\/05\/dich-vu-cho-thue-xe-cau-tai-quang-ninh\/\" class=\"plain\">D\u1ecbch v\u1ee5 cho thu\u00ea xe c\u1ea9u t\u1ea1i Qu\u1ea3ng Ninh<\/a>\n\t\t\t\t\t<\/h5>\n\t\t\t\t\t<div class=\"post-meta is-small op-8\">5 Th\u00e1ng 9, 2025<\/div>\t\t\t\t\t<div class=\"is-divider\"><\/div>\n\t\t\t\t\t                    \n\t\t\t\t\t\n\t\t\t\t\t\n\t\t\t\t\t<\/div>\n\t\t\t\t\t<\/div>\n\t\t\t\t\t\t\t\t\t<\/div>\n\t\t\t<\/div>\n\t\t<\/div><\/div>\n<div class=\"container section-title-container\" style=\"margin-top:25px;\"><h3 class=\"section-title section-title-center\"><b><\/b><span class=\"section-title-main\" style=\"font-size:undefined%;\"><i class=\"icon-instagram\" ><\/i>Follow on Instagram<\/span><b><\/b><\/h3><\/div>\n\n","protected":false},"excerpt":{"rendered":"","protected":false},"author":1,"featured_media":0,"parent":0,"menu_order":0,"comment_status":"closed","ping_status":"closed","template":"page-transparent-header.php","meta":{"footnotes":""},"class_list":["post-172","page","type-page","status-publish","hentry"],"_links":{"self":[{"href":"https:\/\/xecauquangninh.vn\/index.php\/wp-json\/wp\/v2\/pages\/172","targetHints":{"allow":["GET"]}}],"collection":[{"href":"https:\/\/xecauquangninh.vn\/index.php\/wp-json\/wp\/v2\/pages"}],"about":[{"href":"https:\/\/xecauquangninh.vn\/index.php\/wp-json\/wp\/v2\/types\/page"}],"author":[{"embeddable":true,"href":"https:\/\/xecauquangninh.vn\/index.php\/wp-json\/wp\/v2\/users\/1"}],"replies":[{"embeddable":true,"href":"https:\/\/xecauquangninh.vn\/index.php\/wp-json\/wp\/v2\/comments?post=172"}],"version-history":[{"count":4,"href":"https:\/\/xecauquangninh.vn\/index.php\/wp-json\/wp\/v2\/pages\/172\/revisions"}],"predecessor-version":[{"id":197,"href":"https:\/\/xecauquangninh.vn\/index.php\/wp-json\/wp\/v2\/pages\/172\/revisions\/197"}],"wp:attachment":[{"href":"https:\/\/xecauquangninh.vn\/index.php\/wp-json\/wp\/v2\/media?parent=172"}],"curies":[{"name":"wp","href":"https:\/\/api.w.org\/{rel}","templated":true}]}}